(2).
-8
Let w(b) = -b**3 + 11*b**2 - 30*b + 5. Give w(7).
-9
Let a(i) = -9*i - 64. Calculate a(-10).
26
Let a(s) = -s**3 - 19*s**2 - 19*s - 31. What is a(-18)?
-13
Let i(l) = 4*l**2 + 3. What is i(-5)?
103
Let b(i) = i - 14. Give b(19).
5
Let h(d) = 4*d**2 + 2*d - 6. What is h(-3)?
24
Let z(l) = l**2 - 2*l - 6. Determine z(-2).
2
Let h(i) = -19*i - 319. Calculate h(-17).
4
Let j(f) = -7*f - 14. Give j(-6).
28
Let r(y) = 6*y - 9. What is r(3)?
9
Let s(h) = 2*h - 25. Determine s(13).
1
Let d(l) = 2*l - 7. Determine d(-10).
-27
Let i(w) = w**3 + 2*w**2 - 14*w - 1. Calculate i(-5).
-6
Let t(v) = -v**3 - 43*v**2 + 2*v + 87. What is t(-43)?
1
Let b(h) = 2*h**2 + 3*h - 117. Give b(7).
2
Let m(d) = d**3 - 10*d**2 - 11*d - 1. Give m(11).
-1
Let p(m) = 2*m**2 - 44*m + 233. What is p(9)?
-1
Let f(u) = -u**3 - 12*u**2 - 11*u - 11. Determine f(-11).
-11
Let m(y) = -y**3 + 14*y**2 + 23*y - 18. Give m(15).
102
Let l(t) = t**3 + 7*t**2 + 6*t - 5. Calculate l(-6).
-5
Let k(z) = -3*z + 55. Calculate k(0).
55
Let d(q) = -4*q - 5. What is d(5)?
-25
Let a(m) = -2*m**2 + 4*m + 1. Give a(-1).
-5
Let s(g) = 5*g - 205. Determine s(35).
-30
Let b(o) = o**3 + 6*o**2 - o - 35. Calculate b(-5).
-5
Let h(y) = -y**3 + 2*y**2 - 3*y + 12. Give h(0).
12
Let q(s) = -16*s - 59. Determine q(-4).
5
Let g(t) = -t**3 - 6*t**2 + t - 38. Calculate g(-7).
4
Let h(s) = s**3 + 24*s**2 + 23*s + 1. Determine h(-23).
1
Let l(y) = -y**2 - 2*y - 3. Determine l(-3).
-6
Let y(c) = -2*c**2 + 29*c - 5. What is y(13)?
34
Let k(b) = 7*b**3 - 2*b**2 - b. Give k(2).
46
Let u(h) = -4*h + 15. What is u(9)?
-21
Let x(j) = j**3 - 10*j**2 + 17*j + 43. Give x(6).
1
Let j(y) = 18*y + 250. What is j(-12)?
34
Let b(f) = f**2 - f - 41. What is b(0)?
-41
Let j(r) = 3*r**2 + 51*r - 7. Give j(-17).
-7
Let l(k) = -4*k + 7. Determine l(0).
7
Let q(l) = l**3 - 16*l**2 + 52*l + 38. Determine q(11).
5
Let l(d) = -3*d**2 - 39*d - 6. What is l(-13)?
-6
Let a(y) = -3*y**2 + 10*y + 3. Give a(3).
6
Let b(v) = v - 9. Determine b(7).
-2
Let g(b) = -b**2 + 28*b - 43. Give g(26).
9
Let n(x) = 4*x**2 - x - 8. What is n(-3)?
31
Let u(r) = -r**2 - 4*r + 1. Determine u(-6).
-11
Let v(k) = k**3 + 11*k**2 - 2. Give v(-11).
-2
Let u(i) = 6*i**2 - 3*i - 4. Calculate u(-1).
5
Let v(o) = o**3 - o**2 - o - 1. Calculate v(-2).
-11
Let f(x) = -x**3 - 7*x**2 - 10*x - 7. Calculate f(-6).
17
Let d(g) = 2*g. What is d(-2)?
-4
Let s(l) = l**2 + 5*l + 7. Determine s(-6).
13
Let s(r) = r**3 - 6*r**2 + 4*r + 6. Give s(5).
1
Let k(n) = -n - 2. Give k(12).
-14
Let y(o) = 11*o - 1. Give y(2).
21
Let t(v) = v - 22. Give t(27).
5
Let w(x) = x**2 - 6*x. Calculate w(5).
-5
Let f(k) = -k**3 + 8*k**2 - 2*k - 3. Give f(8).
-19
Let y(a) = 23*a**3 - a**2 + a. Give y(1).
23
Let j(p) = -18*p**2 + 2*p - 4. Give j(2).
-72
Let b(d) = d**3 - 6*d**2 - 4*d - 20. Calculate b(7).
1
Let n(f) = 2*f**2 + 26*f + 24. Determine n(-12).
0
Let h(x) = -x + 2. Calculate h(-7).
9
Let a(i) = -13*i + 1. What is a(-1)?
14
Let n(b) = -2*b + 1. Determine n(-1).
3
Let y(l) = 2*l**2 - 2*l - 7. Give y(6).
53
Let t(d) = d**3 - 34*d**2 + 287*d + 39. Calculate t(17).
5
Let i(c) = c**3 + 25*c**2 - 24*c + 47. What is i(-26)?
-5
Let x(r) = 40*r**2 - 2*r - 2. Give x(-1).
40
Let q(f) = f**2 - 10*f - 4. Calculate q(7).
-25
Let m(l) = -2*l + 29. Determine m(-3).
35
Let r(x) = -184*x**3 + 2*x**2 - 5*x + 4. What is r(1)?
-183
Let s(n) = n**3 + 4*n**2 - 4*n + 7. Calculate s(-5).
2
Let x(u) = 5*u + 126. Give x(-24).
6
Let k(z) = -z**2 - 4*z + 22. Calculate k(3).
1
Let n(x) = x + 7. Give n(-12).
-5
Let u(c) = c**3 + 10*c**2 + 20*c - 6. Calculate u(-7).
1
Let d(l) = 2*l**2 - 32*l - 199. Calculate d(21).
11
Let u(y) = -3*y**2 + 52*y - 23. Determine u(17).
-6
Let z(d) = 14*d**3 + 2*d**2 + 3*d - 4. Calculate z(1).
15
Let a(o) = -o**3 + 10*o**2 - 15*o - 8. Give a(8).
0
Let t(l) = l**3 + 9*l**2 + 7*l - 3. Calculate t(-6).
63
Let t(z) = z**2 + 3*z - 49. Determine t(-9).
5
Let y(l) = 43*l + 1. What is y(1)?
44
Let o(z) = z**2 - 3*z - 12. Calculate o(5).
-2
Let t(u) = 16*u - 24. Determine t(13).
184
Let a(x) = x - 19. Calculate a(-3).
-22
Let g(m) = m**3 + 10*m**2 + 19*m + 17. Give g(-8).
-7
Let v(a) = a**3 - 14*a**2 + 13*a + 6. Give v(13).
6
Let y(p) = -2*p**3 - 13*p**2 - 4*p - 5. What is y(-6)?
-17
Let z(t) = -t**3 - 25*t**2 + 55*t + 22. Give z(-27).
-5
Let t(i) = -i**2 + 4*i - 8. Give t(11).
-85
Let w(l) = l**3 - 5*l**2 + 11*l - 24. Determine w(3).
-9
Let l(b) = 8*b - 54. Give l(6).
-6
Let s(p) = -26*p - 365. Calculate s(-14).
-1
Let o(l) = 8*l**3 - l. Calculate o(-1).
-7
Let j(x) = -x**3 + 7*x**2 - 6*x + 15. Determine j(6).
15
Let d(v) = -24*v**2 - 2*v + 2. Determine d(1).
-24
Let g(d) = -2*d**2 + 17*d - 13. Give g(8).
-5
Let g(f) = -f**2 - 3*f + 4. Calculate g(-3).
4
Let r(m) = 119*m + 722. Determine r(-6).
8
Let y(b) = b**2 - 48*b + 169. Determine y(44).
-7
Let l(y) = -y**3 + 9*y**2 - 9*y + 12. Determine l(8).
4
Let t(k) = -2*k - 9. What is t(-12)?
15
Let i(a) = 4*a + 3. What is i(2)?
11
Let y(g) = -g**3 - 8*g**2 - 6*g - 9. Give y(-5).
-54
Let c(n) = n**3 + 2*n**2 - 4*n - 4. Determine c(-2).
4
Let g(m) = -2*m - 37. Give g(-17).
-3
Let g(c) = 3*c**3 - c**2. Calculate g(3).
72
Let m(p) = 2*p**2 + 31*p + 1. Give m(-15).
-14
Let m(s) = 6*s - 3. Give m(6).
33
Let x(y) = 23*y - 67. What is x(3)?
2
Let u(y) = 2*y**2 + 7*y + 1. Give u(-3).
-2
Let n(t) = -t**2 - 8*t - 2. Determine n(-6).
10
Let y(j) = 10*j**3 + j**2 - 3*j - 2. Calculate y(-2).
-72
Let x(a) = -52*a**2 - 6*a - 7. Calculate x(-1).
-53
Let c(m) = 7*m**2 + 2*m + 1. Give c(2).
33
Let y(n) = n**3 - n**2 - 3*n - 1. What is y(-2)?
-7
Let w(j) = -j**2 - 25*j - 155. Calculate w(-19).
-41
Let h(p) = -22*p - 85. What is h(-4)?
3
Let r(s) = -21*s - 17. Calculate r(-1).
4
Let i(h) = -h**2 + 23*h - 8. What is i(23)?
-8
Let u(m) = 3*m - 13. Calculate u(10).
17
Let y(s) = -s**2 + 7*s + 14. What is y(7)?
14
Let k(n) = 2*n - 5. Give k(2).
-1
Let n(y) = -2*y + 13. Determine n(10).
-7
Let x(v) = -3*v - 6. Determine x(0).
-6
Let w(b) = b**3 + b**2 - 2*b + 30. Give w(0).
30
Let d(y) = -3*y - 17. Calculate d(-4).
-5
Let n(c) = -3*c**3 + 17*c**2 + 4*c + 6. Give n(6).
-6
Let h(i) = 3*i**3 - 12*i**2 + 2*i + 2. Calculate h(3).
-19
Let v(o) = -3*o**2 - 2*o + 9. Give v(-4).
-31
Let r(t) = t**3 + 2*t + 11. Give r(0).
11
Let m(j) = -2*j - 11. Determine m(-16).
21
Let w(p) = -p**3 + 29*p**2 + 29*p + 28. What is w(30)?
-2
Let x(q) = -q**2 + 13*q + 10. What is x(13)?
10
Let o(r) = -2*r + 7. Give o(5).
-3
Let c(k) = -2*k**2 + 13*k + 34. Give c(8).
10
Let l(y) = 13*y - 36. Calculate l(3).
3
Let r(o) = 25*o - 71. Give r(3).
4
Let c(q) = 5*q + 3. Give c(-22).
-107
Let t(g) = 2*g + 27. What is t(-23)?
-19
Let s(t) = t**3 + 20*t**2 + 2*t + 36. Calculate s(-20).
-4
Let z(x) = 8*x + 54. Give z(-8).
-10
Let f(o) = 6*o - 15. What is f(3)?
3
Let u(q) = q**2 - 24*q - 96. What is u(-6)?
84
Let x(k) = 2*k + 10. Calculate x(7).
24
Let i(y) = 24*y - 149. Determine i(5).
-29
Let k(r) = -2*r - 6. Determine k(-8).
10
Let r(n) = n**3 - 3*n**2 - 7*n + 2. Calculate r(4).
-10
Let g(f) = -2*f**2 - 19*f + 2. Calculate g(-11).
-31
Let c(l) = l**2 + 4*l + 4. Give c(4).
36
Let l(r) = r**3 + 22*r**2 + 22*r + 27. Give l(-21).
6
Let w(b) = b**2 - b + 3. What is w(4)?
15
Let m(b) = -3*b**2 + b + 6. Give m(-2).
-8
Let o(j) = 2*j**3 + 6*j**2 + 8*j + 2. Determine o(-3).
-22
Let l(o) = o**3 - 9*o**2 + 8*o - 1. Give l(8).
-1
Let t(l) = -l - 24. Give t(-17).
-7
Let j(g) = 2*g - 13. Give j(6).
-1
Let f(c) = -c**3 + 30*c**2 - 3*c + 92. What is f(30)?
2
Let v(j) = j**2 - 15*j - 25. Calculate v(17).
9
Let o(h) = 2*h**2 - 3*h - 4. What is o(5)?
31
Let b(n) = -n**3 - 5*n**2 - 9*n - 21. What is b(-5)?
24
Let p(l) = 3*l - 51. Give p(13).
-12
Let w(p) = 11*p - 1. Give w(0).
-1
Let v(u) = -u**2 - 8*u - 4. Determine v(-7).
3
Let v(s) = s**3 + 22*s**2 + 22*s + 30. Determine v(-21).
9
Let l(j) = j**2 - 2*j + 17. Determine l(0).
17
Let s(f) = -f**2 - 12*f - 18. Determine s(-3).
9
Let y(w) = 85*w + 18. Determine y(0).
18
Let p(k) = 5*k**2 + 2*k - 8. Determine p(-4).
64
Let u(l) = -l**3 - l**2 + 12. Calculate u(0).
12
Let x(u) = 11*u - 7. What is x(3)?
26
Let b(l) = 2*l**3 + l**2 - 3*l + 3. Determine b(3).
57
Let b(y) = 3*y + 6. Calculate b(-7).
-15
Let l(s) = -6*s - 59. What is l(-8)?
-11
Let r(m) = -8*m + 1. Determine r(-2).
17
